hat is -2 + 403505?
403503
In base 14, what is -271a + 13?
-2707
In base 2, what is 1100011101011 + 1010?
1100011110101
In base 6, what is 34 - 10142?
-10104
In base 15, what is -2da6d - b?
-2da79
In base 10, what is 10959 - 1?
10958
In base 12, what is -3183 - -83?
-3100
In base 11, what is -1034 - -9?
-1026
In base 3, what is 121002100020 + -2?
121002100011
In base 4, what is -3 + -300321301?
-300321310
In base 4, what is -10 + -10023320?
-10023330
In base 8, what is -5 + 3235225?
3235220
In base 4, what is 1 + -11221132?
-11221131
In base 3, what is -20112120202222 - -12?
-20112120202210
In base 9, what is -10 - 1026?
-1036
In base 15, what is -34 - b5?
-e9
In base 3, what is 1021221022001 - -1?
1021221022002
In base 11, what is -822 - -17a?
-653
In base 12, what is -2 + 2366b?
23669
In base 16, what is 10594 - 0?
10594
In base 14, what is 33d3 + c2?
34b5
In base 4, what is 10321023 - 11?
10321012
In base 11, what is -4 + 134684?
134680
In base 5, what is -3 - 132412?
-132420
In base 15, what is 0 + -8d77?
-8d77
In base 5, what is 3 - -11413124?
11413132
In base 9, what is -565747 + 0?
-565747
In base 3, what is -2101122 - -2221?
-2021201
In base 2, what is 1010011010 + 1100001?
1011111011
In base 15, what is 5 - 1d050?
-1d04a
In base 7, what is -4 - -123?
116
In base 7, what is 156645 - 3?
156642
In base 7, what is -43635625 - -4?
-43635621
In base 15, what is -15 + 401?
3db
In base 3, what is -11202 - -110210110?
110121201
In base 3, what is 2 + 110201210112?
110201210121
In base 9, what is 1 - -414235?
414236
In base 16, what is 48 + 20d?
255
In base 10, what is 252 + 4730?
4982
In base 15, what is -1bb65 - -5?
-1bb60
In base 13, what is 8 + 7699?
76a4
In base 16, what is -de1 + 4?
-ddd
In base 16, what is -11 - c87?
-c98
In base 4, what is 11113 + 131?
11310
In base 4, what is -1001031232 - -2?
-1001031230
In base 6, what is -1202510 + 20?
-1202450
In base 14, what is bc32 - -3?
bc35
In base 11, what is -379 + -263?
-631
In base 4, what is -210210 + 2033?
-202111
In base 16, what is 309 - 1b?
2ee
In base 13, what is 5a + 1c6a?
1cc7
In base 5, what is 1122414 + 101?
1123020
In base 2, what is -10111100000001 + -10101?
-10111100010110
In base 4, what is -2132333 - 201?
-2133200
In base 15, what is -381 + -a?
-38b
In base 3, what is -1 + 122010110?
122010102
In base 13, what is 1 + 3861?
3862
In base 9, what is 303 + -41?
252
In base 16, what is 4 + -2c71?
-2c6d
In base 7, what is -3 + -3450546?
-3450552
In base 16, what is -119 - a99?
-bb2
In base 12, what is -a + 3971?
3963
In base 12, what is 6ba - -198?
896
In base 15, what is 9654 + 1?
9655
In base 6, what is -1 - -330502?
330501
In base 14, what is -17 + -12c3?
-12da
In base 5, what is -21301 - -1044?
-20202
In base 10, what is 438 + -78?
360
In base 14, what is -825 + -7a?
-8a1
In base 9, what is 2181 + 41?
2232
In base 2, what is -1000100101010111 - 1001?
-1000100101100000
In base 11, what is -292 + -2586?
-2868
In base 3, what is 11 - 1221220200?
-1221220112
In base 2, what is 1 + -11111010111000001?
-11111010111000000
In base 3, what is -10 - -1121202011110?
1121202011100
In base 6, what is 5505544 - 0?
5505544
In base 8, what is -10374 - 2?
-10376
In base 14, what is -4c + -2b7?
-325
In base 4, what is -10 + -3232301203?
-3232301213
In base 13, what is 42c800 + -3?
42c7ca
In base 15, what is 3bb13 + 2?
3bb15
In base 11, what is 2 - -36727?
36729
In base 15, what is 106 + 491?
597
In base 2, what is -1110010 - -11011101110001?
11011011111111
In base 4, what is 230 - 20320?
-20030
In base 15, what is -15 - -3e25c?
3e247
In base 4, what is -3100 - 11113?
-20213
In base 4, what is 121331 - 3?
121322
In base 5, what is 12 - 12303?
-12241
In base 9, what is 5054 + 17?
5072
In base 11, what is -a49010 - 1?
-a49011
In base 4, what is 2 - 1033300120?
-1033300112
In base 14, what is -76a - 4c9?
-c55
In base 2, what is 1001011100011000 - 1001?
1001011100001111
In base 5, what is -1142202 - 3?
-1142210
In base 16, what is -26504 - 17?
-2651b
In base 3, what is -11 + 2122010102?
2122010021
In base 15, what is 1512 + b?
151d
In base 9, what is 5 + 23726?
23732
In base 8, what is 333 - -1351?
1704
In base 2, what is -11010010101010 - -11110?
-11010010001100
In base 3, what is -102111 + 10102122?
10000011
In base 4, what is 22222 - 21?
22201
In base 3, what is -1 - 211010222022?
-211010222100
In base 5, what is 123 - -23342?
24020
In base 5, what is -3300123330 - -10?
-3300123320
In base 11, what is -604 + -467?
-a70
In base 15, what is 26b - 6b?
200
In base 9, what is 38574 - -2?
38576
In base 14, what is -14 - 1ccd?
-1d03
In base 16, what is 2 - -423?
425
In base 12, what is 1 - 64009?
-64008
In base 2, what is 10011101001111101 + -10?
10011101001111011
In base 10, what is -10 - 250468?
-250478
In base 3, what is 12 - -211002121022?
211002121111
In base 14, what is -32 - 1189?
-11bb
In base 8, what is -712011 + 3?
-712006
In base 15, what is -4 - -71e4?
71e0
In base 15, what is 5 + -543a?
-5435
In base 11, what is 29 + -539?
-510
In base 7, what is 3 + 343006?
343012
In base 4, what is -210 - -111032?
110222
In base 14, what is -2cbd - 2?
-2cc1
In base 16, what is -10ae - -12?
-109c
In base 4, what is 222333 + 213?
223212
In base 12, what is -3a + 60?
22
In base 12, what is -16 - 878a?
-87a4
In base 2, what is -10100011 + -11100000?
-110000011
In base 2, what is 1000 - 1110010011000?
-1110010010000
In base 3, what is 10102121 - 20?
10102101
In base 11, what is 658 - 101?
557
In base 16, what is -2 + 9df7?
9df5
In base 13, what is 99 + -3276?
-31aa
In base 7, what is -21 - 115611?
-115632
In base 11, what is 4 - 20596?
-20592
In base 13, what is 73195 + 4?
73199
In base 11, what is -2 + -4698?
-469a
In base 13, what is -39ab + a?
-39a1
In base 15, what is -608b - 1?
-608c
In base 14, what is -624d5 - -3?
-624d2
In base 11, what is 11 + 599?
5aa
In base 15, what is 2513 - 7?
250b
In base 2, what is 10 + 11110000010100010101?
11110000010100010111
In base 16, what is 1 - -7965?
7966
In base 10, what is 4 - 68583?
-68579
In base 13, what is 14233 + 3?
14236
In base 8, what is 10101 + 75?
10176
In base 10, what is 104760 + 4?
104764
In base 6, what is -510100 + 15?
-510041
In base 13, what is -1aca + 7b?
-1a4c
In base 3, what is 101 - 1100112221?
-1100112120
In base 16, what is 3bdd6 + 2?
3bdd8
In base 5, what is 100041 + -12414?
32122
In base 12, what is 13 - -1357?
136a
In base 11, what is 243133 - 2?
243131
In base 4, what is 2 + 1030222321?
1030222323
In base 7, what is -14041412 - -3?
-14041406
In base 15, what is 95 + -8?
8c
In base 5, what is 14441041 + 2?
14441043
In base 4, what is -1 - 10013131322?
-10013131323
In base 3, what is -1 + 201122011?
201122010
In base 14, what is 1 - 21?
-20
In base 6, what is -424054 - -1?
-424053
In base 7, what is -540 - -323?
-214
In base 12, what is -1238b2 - 1?
-1238b3
In base 10, what is 349 - -202?
551
In base 16, what is -8b15b + 0?
-8b15b
In base 6, what is -32433 + -12?
-32445
In base 5, what is -223024 + -13?
-223042
In base 15, what is 235e8 - 5?
235e3
In base 5, what is 43011 - 104?
42402
In base 16, what is -29 + -101f?
-1048
In base 14, what is a1 + -2c?
73
In base 12, what is 42073 - 4?
4206b
In base 14, what is -11 - 1399?
-13aa
In base 12, what is 1 + 62889?
6288a
In base 6, what is -113 + -10205?
-10322
In base 3, what is -2 + 121200212222?
121200212220
In base 7, what is 2260666 - -1?
2261000
In base 8, what is 7 + -4232?
-4223
In base 3, what is -12 + -112002220?
-112010002
In base 15, what is 25ed4 + -1?
25ed3
In base 7, what is 5 - -2436543?
2436551
In base 7, what is 3 - -23641?
23644
In base 13, what is -115b + c6?
-1065
In base 2, what is -10011011110 + 101110?
-10010110000
In base 3, what is 11022111 - -11?
11022122
In base 13, what is -18 + -a94b?
-a966
In base 15, what is 3 - -4aee?
4b02
In base 10, what is -9 - -200118?
200109
In base 12, what is 87 - -234?
2bb
In base 4, what is 113133 + -1100?
112033
In base 9, what is -1153075 - 1?
-1153076
In base 12, what is -9097 + -2b?
-9106
In base 13, what is -5 + -bb7c?
-bb84
In base 5, what is -344 - 440103?
-441002
In base 2, what is -101001101011100 + 1?
-101001101011011
In base 10, what is -19550 - 0?
-19550
In base 7, what is 4 + -250554?
-250550
In base 6, what is 5201 - -123